{"id":202,"date":"2019-06-18T10:33:47","date_gmt":"2019-06-18T09:33:47","guid":{"rendered":"http:\/\/preflight.fusspraxis-hitzkirch.ch\/?page_id=202"},"modified":"2019-07-02T16:09:16","modified_gmt":"2019-07-02T15:09:16","slug":"nagelprothetik","status":"publish","type":"page","link":"https:\/\/fusspraxis-freiamt-seetal.ch\/index.php\/nagelprothetik\/","title":{"rendered":"Nagelprothetik"},"content":{"rendered":"\n<h3 class=\"wp-block-heading\">Nagelrekonstruktion und Versch\u00f6nerung von Zehenn\u00e4geln<\/h3>\n\n\n\n<p>Nagelkorrekturen bei deformierten Zehenn\u00e4geln. Der Nagel erh\u00e4lt wieder ein nat\u00fcrliches gesundes Aussehen.<\/p>\n\n\n\n<p>Mit einer Nagelprothetik k\u00f6nnen besch\u00e4digte, abgebrochene oder deformierte Fu\u00dfn\u00e4gel rekonstruiert und versch\u00f6nert werden. Der Nagel wird optisch wieder hergestellt, so dass das Barfuss laufen im Schwimmbad, in der Sauna, am Strand und das Tragen von offenen Schuhen wieder m\u00f6glich ist.<\/p>\n\n\n\n<p>Durch die Erg\u00e4nzung fehlender Nagelteile ist es auch m\u00f6glich eine Verformung des Nagelbettes und des Zehennagels vorzubeugen und den Restnagel zu stabilisieren. Folgesch\u00e4den wie z. B. Wachstumsst\u00f6rungen durch einen sich aufw\u00f6lbenden distalen Nagelwall oder Verhornungen des Nagelbettes k\u00f6nnen mit einer Nagelprothetik vermieden werden. Der Nagel kann ungehindert nachwachsen.<\/p>\n\n\n\n<h3 class=\"wp-block-heading\">Anwendung Nagelprothetik<br><\/h3>\n\n\n\n<ul class=\"wp-block-list\"><li>Korrektur bei Wachstumsst\u00f6rungen<\/li><li>Versch\u00f6nerung und Verst\u00e4rkung der Zehenn\u00e4gel<\/li><li>Regenerationsunterst\u00fctzung bei Holz- oder Psoriasis- (Schuppenflechte) N\u00e4geln<\/li><li>Ausgleich deformierter N\u00e4gel<\/li><li>Nach erfolgreicher Nagelpilzbehandlung<\/li><li>Erg\u00e4nzung der Nagelplatte nach Abnahme eines gr\u00f6sseren Nagelteiles<\/li><li>Schutz vor Nagelbettsch\u00e4digungen &amp; Nagelbettverformungen<\/li><li>Stabilisierung des nachwachsenden Nagels<\/li><li>Kaschierung von verf\u00e4rbten N\u00e4geln<\/li><li>Regenerationshilfe bei Nagelbettverformungen<\/li><\/ul>\n\n\n\n<h3 class=\"wp-block-heading\">Eine Nagelprothetik bietet h\u00f6chsten Tragekomfort<\/h3>\n\n\n\n<p>Der flexible Kunstnagel passt sich optimal den Bewegungen des Fusses und des Zehennagels an und bietet h\u00f6chsten Tragekomfort.  Das verwendete Material ist mit antimykotischen Komponenten kombinierbar und unterst\u00fctzt damit auch gleichzeitig Nagelinfektionen vorzubeugen.<\/p>\n\n\n\n<h3 class=\"wp-block-heading\">Kontraindikationen Nagelprothetik<\/h3>\n\n\n\n<ul class=\"wp-block-list\"><li>Wunden am Zehennagel, die nicht vollst\u00e4ndig verheilt sind<\/li><li>Schweren Durchblutungsst\u00f6rungen<\/li><li>Diabetes mellitus mit Gewebenekrosen<\/li><li>Nagelpilz<\/li><\/ul>\n\n\n\n<h3 class=\"wp-block-heading\">Nach der Rekonstruktion ist der k\u00fcnstliche Zehennagel kaum von einem nat\u00fcrlichen Nagel zu unterscheiden<\/h3>\n\n\n\n<p>Es sollte ein kleiner Restnagel vorhanden sein. Bei einem vollst\u00e4ndig fehlenden Zehennagel ist eine Nagelrekonstruktion nur bedingt m\u00f6glich. Das Nagelwachstum wird durch die Nagelprothetik nicht eingeschr\u00e4nkt. Der Nagel w\u00e4chst unter dem k\u00fcnstlichen Nagel ganz nat\u00fcrlich weiter.<\/p>\n\n\n\n<p><\/p>\n","protected":false},"excerpt":{"rendered":"<div class=\"entry-summary\">\nNagelrekonstruktion und Versch\u00f6nerung von Zehenn\u00e4geln Nagelkorrekturen bei deformierten Zehenn\u00e4geln. Der Nagel erh\u00e4lt wieder ein nat\u00fcrliches gesundes Aussehen. Mit einer Nagelprothetik&hellip;\n<\/div>\n<div class=\"link-more\"><a href=\"https:\/\/fusspraxis-freiamt-seetal.ch\/index.php\/nagelprothetik\/\" class=\"more-link\">Continue reading<span class=\"screen-reader-text\"> &ldquo;Nagelprothetik&rdquo;<\/span>&hellip;<\/a><\/div>\n","protected":false},"author":1,"featured_media":444,"parent":0,"menu_order":0,"comment_status":"closed","ping_status":"closed","template":"","meta":{"footnotes":""},"class_list":["post-202","page","type-page","status-publish","has-post-thumbnail","hentry","entry"],"_links":{"self":[{"href":"https:\/\/fusspraxis-freiamt-seetal.ch\/index.php\/wp-json\/wp\/v2\/pages\/202","targetHints":{"allow":["GET"]}}],"collection":[{"href":"https:\/\/fusspraxis-freiamt-seetal.ch\/index.php\/wp-json\/wp\/v2\/pages"}],"about":[{"href":"https:\/\/fusspraxis-freiamt-seetal.ch\/index.php\/wp-json\/wp\/v2\/types\/page"}],"author":[{"embeddable":true,"href":"https:\/\/fusspraxis-freiamt-seetal.ch\/index.php\/wp-json\/wp\/v2\/users\/1"}],"replies":[{"embeddable":true,"href":"https:\/\/fusspraxis-freiamt-seetal.ch\/index.php\/wp-json\/wp\/v2\/comments?post=202"}],"version-history":[{"count":0,"href":"https:\/\/fusspraxis-freiamt-seetal.ch\/index.php\/wp-json\/wp\/v2\/pages\/202\/revisions"}],"wp:featuredmedia":[{"embeddable":true,"href":"https:\/\/fusspraxis-freiamt-seetal.ch\/index.php\/wp-json\/wp\/v2\/media\/444"}],"wp:attachment":[{"href":"https:\/\/fusspraxis-freiamt-seetal.ch\/index.php\/wp-json\/wp\/v2\/media?parent=202"}],"curies":[{"name":"wp","href":"https:\/\/api.w.org\/{rel}","templated":true}]}}