{"id":174,"date":"2019-06-18T09:12:02","date_gmt":"2019-06-18T08:12:02","guid":{"rendered":"http:\/\/preflight.fusspraxis-hitzkirch.ch\/?page_id=174"},"modified":"2024-12-11T13:33:20","modified_gmt":"2024-12-11T13:33:20","slug":"in-der-med-fusspflege-verwendete-begriffe","status":"publish","type":"page","link":"https:\/\/fusspraxis-freiamt-seetal.ch\/index.php\/begriffe\/in-der-med-fusspflege-verwendete-begriffe\/","title":{"rendered":"In der Fusspflege verwendete Begriffe"},"content":{"rendered":"\n<ul class=\"wp-block-list\"><li><strong>Allergie<\/strong> \u2013 erworbene \u00dcberempfindlichkeitsreaktion auf exogene Substanzen<\/li><li><strong>antimykotisch<\/strong> -gegen Pilz wirkend<\/li><li><strong>Antimykotikum<\/strong> -Mittel zur Behandlung von Pilzinfektionen (Mykosen)<\/li><li><strong>Clavus<\/strong> \u2013 \u00bb&nbsp;<a rel=\"noreferrer noopener\" aria-label=\" (opens in a new tab)\" href=\"http:\/\/preflight.fusspraxis-hitzkirch.ch\/index.php\/begriffe\/huehneraugen-dornwarzen\/\" target=\"_blank\">H\u00fchnerauge<\/a><\/li><li><strong>Dermatits<\/strong> \u2013 Hautentz\u00fcndung<\/li><li><strong>Dermatose<\/strong> \u2013 Hauterkrankung<\/li><li><strong>Dermatomykose<\/strong> \u2013 Pilzbefall der Haut<\/li><li><strong>Diabetes<\/strong> <strong>mellitus<\/strong> \u2013 Zuckerkrankheit chronische Stoffwechselerkrankung, die zu einem erh\u00f6hten Blutzuckerspiegel f\u00fchrt<\/li><li><strong>Diabetisches<\/strong> <strong>Fusssyndrom<\/strong> (DFS)) \/ diabetischer Fu\u00df \u2013 Folgeerkrankung des Diabetes mellitus<\/li><li><strong>Dyshidrose<\/strong> \/ <strong>Dyshidrosis<\/strong> \u2013 juckende Bl\u00e4schen an H\u00e4nden oder F\u00fcssen<\/li><li><strong>Dyskeratose<\/strong> \u2013 Verhornungsst\u00f6rung<\/li><li><strong>Hammerzeh<\/strong> \u2013 dauerhafte Beugung im Zehenendgelenk, Grundgelenk ist gestreckt<\/li><li><strong>Hallux<\/strong> \u2013 grosse Zehe<\/li><li><strong>Hallux rigidus<\/strong> \u2013 Arthrose im Grosszehengelenk<\/li><li><strong>Hallux valgus<\/strong> \u2013 Ballenzeh \u2013 Schiefstand der Grosszehe<\/li><li><strong>Hyperhidrosis pedum<\/strong>&nbsp; \u2013 gesteigerte Schweissbildung an den F\u00fcssen<\/li><li><strong>Hyperkeratose<\/strong> \u2013 \u00fcberm\u00e4ssige \u00bb&nbsp;<a rel=\"noreferrer noopener\" aria-label=\" (opens in a new tab)\" href=\"http:\/\/preflight.fusspraxis-hitzkirch.ch\/index.php\/begriffe\/hornhaut\/\" target=\"_blank\">Verhornung der Haut<\/a><\/li><li>Granulationsgewebe \u2013 im Rahmen der Wundheilung vor\u00fcbergehend entstehendes Gewebe<\/li><li><strong>Keratolyse<\/strong> \u2013 Hornschicht der Haut aufl\u00f6sen<\/li><li><strong>Keratolytisch<\/strong> \u2013 die Hornschicht der Haut aufl\u00f6send<\/li><li><strong>Keratose<\/strong> \u2013 Verhornung<\/li><li><strong>Krallenzeh<\/strong> \u2013 Zehengrundgelenk ist \u00fcberstreckt, Zehenmittelglied u. Zehenendglied sind gebeugt<\/li><li><strong>Kryotherapie<\/strong> \u2013 Vereisung mit fl\u00fcssigem Stickstoff<\/li><li><strong>Leukonychia<\/strong> \u2013 weissliche Verf\u00e4rbung der Nagelplatte<\/li><li><strong>Matrix<\/strong> \u2013 Nagelwurzel<\/li><li><strong><a href=\"http:\/\/preflight.fusspraxis-hitzkirch.ch\/index.php\/begriffe\/nagelpilz-diagnose\/\">Mykose<\/a><\/strong> \u2013 Erkrankung durch eine Infektion mit Pilzen<\/li><li><strong>Onychie<\/strong> \u2013 Entz\u00fcndung des Nagelbetts<\/li><li><strong>Onychoschisis<\/strong> \u2013 abl\u00f6sen des Nagels vom freien Nagelrand<\/li><li><strong>Onychorhexis<\/strong> \u2013 h\u00e4ufiges Einreissen, Splittern, Brechen, Spaltung des Nagels. St\u00f6rung des Nagelwachstums mit l\u00e4ngsfaserigem Aufsplittern<\/li><li><strong>Onycholyse<\/strong> \u2013 Abl\u00f6sung der Nagelplatte vom Nagelbett<\/li><li><strong>Onychomykose<\/strong> \u2013 \u00bb&nbsp;<a rel=\"noreferrer noopener\" aria-label=\" (opens in a new tab)\" href=\"http:\/\/www\" target=\"_blank\">Nagelpilz<\/a><\/li><li><strong>Onychophagie<\/strong> \u2013 N\u00e4gelkauen, Nagelbeissen. Begleiterkrankungen: Perionychophagie (Kauen an der umliegenden Nagelhaut). Nagelbettreizungen- u. Entz\u00fcndungen, Nagelwuchsst\u00f6rungen<\/li><li><strong>Onychauxis<\/strong> \u2013 \u00bb&nbsp;<a rel=\"noreferrer noopener\" aria-label=\" (opens in a new tab)\" href=\"http:\/\/preflight.fusspraxis-hitzkirch.ch\/index.php\/begriffe\/verdickter-fussnagel\/\" target=\"_blank\">Verdickung der Nagelplatte<\/a>&nbsp;ohne wesentliche Formver\u00e4nderung<\/li><li><strong>Onychogryposis<\/strong> \u2013 verdickter Nagel mit ungew\u00f6hnlicher Wachstumsrichtung. Starke Quer- und L\u00e4ngsw\u00f6lbung, gerillte Oberfl\u00e4che. Widderhornartig gekr\u00fcmmt, abnorm lang.<\/li><li><strong>Palmoplantarkeratose<\/strong> \u2013 Verhornungsst\u00f6rung der Handfl\u00e4chen und Fusssohlen<\/li><li><strong>Paronychie<\/strong> \u2013 Nagelwall-\/Nagelbettentz\u00fcndung<\/li><li><strong>Paryonychie<\/strong> \u2013 \u00bb&nbsp;<a rel=\"noreferrer noopener\" aria-label=\" (opens in a new tab)\" href=\"http:\/\/preflight.fusspraxis-hitzkirch.ch\/index.php\/begriffe\/verdickter-fussnagel\/\" target=\"_blank\">Holznagel<\/a><\/li><li><strong>Perionychophagie<\/strong> \u2013 kauen an der umliegenden Nagelhaut<\/li><li><strong>Psoriasis<\/strong> \u2013 Schuppenflechte<\/li><li><strong>Sheabutter<\/strong> &#8211; Karit\u00e9<\/li><li><strong><a href=\"http:\/\/preflight.fusspraxis-hitzkirch.ch\/index.php\/begriffe\/fusspilz-tina-pedis\/\">Tinea pedis<\/a><\/strong> \u2013 Fusspilz<\/li><li><strong>Unguis incarnatus<\/strong> \u2013 \u00bb&nbsp;<a rel=\"noreferrer noopener\" aria-label=\" (opens in a new tab)\" href=\"http:\/\/preflight.fusspraxis-hitzkirch.ch\/index.php\/begriffe\/eingewachsener-fussnagel\/\" target=\"_blank\">eingewachsener Nagel<\/a><\/li><li><strong>Urea<\/strong> \u2013 Harnstoff<\/li><li><strong>Verrucae<\/strong> \u2013 \u00bb&nbsp;<a rel=\"noreferrer noopener\" href=\"https:\/\/www.fusspflege-pedikuere-berlin.de\/warzen-verrucae\/\" target=\"_blank\">Warzen<\/a><\/li><li><strong>Verrucae planae<\/strong> \u2013 plane <a href=\"http:\/\/preflight.fusspraxis-hitzkirch.ch\/index.php\/begriffe\/warzen\/\">Warzen<\/a><\/li><li><strong>Verrucae plantares<\/strong> \u2013 Dornwarzen<\/li><li><strong>Verrucae vulgares<\/strong> \u2013 gew\u00f6hnliche Warzen<\/li><\/ul>\n\n\n\n<p><\/p>\n","protected":false},"excerpt":{"rendered":"<div class=\"entry-summary\">\nAllergie \u2013 erworbene \u00dcberempfindlichkeitsreaktion auf exogene Substanzen antimykotisch -gegen Pilz wirkend Antimykotikum -Mittel zur Behandlung von Pilzinfektionen (Mykosen) Clavus \u2013&hellip;\n<\/div>\n<div class=\"link-more\"><a href=\"https:\/\/fusspraxis-freiamt-seetal.ch\/index.php\/begriffe\/in-der-med-fusspflege-verwendete-begriffe\/\" class=\"more-link\">Continue reading<span class=\"screen-reader-text\"> &ldquo;In der Fusspflege verwendete Begriffe&rdquo;<\/span>&hellip;<\/a><\/div>\n","protected":false},"author":1,"featured_media":458,"parent":130,"menu_order":0,"comment_status":"closed","ping_status":"closed","template":"","meta":{"footnotes":""},"class_list":["post-174","page","type-page","status-publish","has-post-thumbnail","hentry","entry"],"_links":{"self":[{"href":"https:\/\/fusspraxis-freiamt-seetal.ch\/index.php\/wp-json\/wp\/v2\/pages\/174","targetHints":{"allow":["GET"]}}],"collection":[{"href":"https:\/\/fusspraxis-freiamt-seetal.ch\/index.php\/wp-json\/wp\/v2\/pages"}],"about":[{"href":"https:\/\/fusspraxis-freiamt-seetal.ch\/index.php\/wp-json\/wp\/v2\/types\/page"}],"author":[{"embeddable":true,"href":"https:\/\/fusspraxis-freiamt-seetal.ch\/index.php\/wp-json\/wp\/v2\/users\/1"}],"replies":[{"embeddable":true,"href":"https:\/\/fusspraxis-freiamt-seetal.ch\/index.php\/wp-json\/wp\/v2\/comments?post=174"}],"version-history":[{"count":1,"href":"https:\/\/fusspraxis-freiamt-seetal.ch\/index.php\/wp-json\/wp\/v2\/pages\/174\/revisions"}],"predecessor-version":[{"id":1410,"href":"https:\/\/fusspraxis-freiamt-seetal.ch\/index.php\/wp-json\/wp\/v2\/pages\/174\/revisions\/1410"}],"up":[{"embeddable":true,"href":"https:\/\/fusspraxis-freiamt-seetal.ch\/index.php\/wp-json\/wp\/v2\/pages\/130"}],"wp:featuredmedia":[{"embeddable":true,"href":"https:\/\/fusspraxis-freiamt-seetal.ch\/index.php\/wp-json\/wp\/v2\/media\/458"}],"wp:attachment":[{"href":"https:\/\/fusspraxis-freiamt-seetal.ch\/index.php\/wp-json\/wp\/v2\/media?parent=174"}],"curies":[{"name":"wp","href":"https:\/\/api.w.org\/{rel}","templated":true}]}}