{"id":120,"date":"2019-06-16T11:14:33","date_gmt":"2019-06-16T10:14:33","guid":{"rendered":"http:\/\/preflight.fusspraxis-hitzkirch.ch\/?page_id=120"},"modified":"2019-07-02T16:22:07","modified_gmt":"2019-07-02T15:22:07","slug":"hornhaut","status":"publish","type":"page","link":"https:\/\/fusspraxis-freiamt-seetal.ch\/index.php\/begriffe\/hornhaut\/","title":{"rendered":"Hornhaut"},"content":{"rendered":"\n<p>An den Fusssohlen im Ballen- und Fersenbereich ist die Hornschicht st\u00e4rker ausgepr\u00e4gt als an anderen K\u00f6rperstellen und sch\u00fctzt die darunter liegenden Gewebsschichten vor \u00e4usseren Einfl\u00fcssen und Belastungen. <strong>Hornhaut ist eine Schutzreaktion der Haut.<\/strong><\/p>\n\n\n\n<p>Bei st\u00e4rkerer Auspr\u00e4gung ist Hornhaut allerdings nicht nur ein optischer Makel, sondern kann auch zu einem medizinischen Problem f\u00fchren, wie Fissuren oder Schrunden (Rhagaden). <br><strong>Fissuren<\/strong>: Risse in der Oberhaut. <strong>Rhagaden<\/strong>: Risse bis zur Lederhaut.<\/p>\n\n\n\n<p>Hautrisse treten z.B. auch bei Psoriasis (Schuppenflechte), Neurodermits und anderen Hauterkrankungen auf. Die regelm\u00e4ssige Entfernung vermehrter Hornhaut dient der Vermeidung von Hautsch\u00e4digungen. \u00dcberm\u00e4ssige Hornhautbildungen (Hyperkeratose) zeigen sich als gelbliche Verdickungen.<\/p>\n\n\n\n<p>M\u00f6gliche Ursachen f\u00fcr eine vermehrte Hornhautbildung an den F\u00fc\u00dfen sind oftmals unpassende Schuhe, dies ganz besonders wenn man darin lange steht und geht. Betroffen sind meist Fersen, Ballen und die seitlichen Fussr\u00e4nder. Beg\u00fcnstigt wird die verst\u00e4rkte Hornhautbildung auch durch trockene Haut und eine gest\u00f6rte Hautbarriere. Mit zunehmenden Alter und mangelhafter Fusspflege verst\u00e4rkt sich die Neigung zu trockener Haut und kann auch mit Erkrankungen wie z. B. Diabetes zusammen h\u00e4ngen.<\/p>\n\n\n\n<h3 class=\"wp-block-heading\">M\u00f6gliche Faktoren f\u00fcr die Entstehung \u00fcberm\u00e4ssiger Hornhautbildung<\/h3>\n\n\n\n<ul class=\"wp-block-list\"><li>Sportschuhe (Klettern, Wandern, Ballett etc.)<\/li><li>Schuhe mit hohen Abs\u00e4tzen<\/li><li>Tragen von geschlossenen Schuhen ohne Str\u00fcmpfe<\/li><li>Fussdeformationen (z. B. Spreiz-, Senk-, Knickfuss oder Hallux valgus )<\/li><li>Knochenbr\u00fcche<\/li><li>Wirbels\u00e4ulenbeschwerden<\/li><li>vermehrte Schweissbildung<\/li><li>Genetische Veranlagungen z. B. Schuppenflechte<\/li><li>Hautalterung<\/li><li>\u00dcbergewicht<\/li><\/ul>\n\n\n\n<p><\/p>\n","protected":false},"excerpt":{"rendered":"<div class=\"entry-summary\">\nAn den Fusssohlen im Ballen- und Fersenbereich ist die Hornschicht st\u00e4rker ausgepr\u00e4gt als an anderen K\u00f6rperstellen und sch\u00fctzt die darunter&hellip;\n<\/div>\n<div class=\"link-more\"><a href=\"https:\/\/fusspraxis-freiamt-seetal.ch\/index.php\/begriffe\/hornhaut\/\" class=\"more-link\">Continue reading<span class=\"screen-reader-text\"> &ldquo;Hornhaut&rdquo;<\/span>&hellip;<\/a><\/div>\n","protected":false},"author":1,"featured_media":455,"parent":130,"menu_order":0,"comment_status":"closed","ping_status":"closed","template":"","meta":{"footnotes":""},"class_list":["post-120","page","type-page","status-publish","has-post-thumbnail","hentry","entry"],"_links":{"self":[{"href":"https:\/\/fusspraxis-freiamt-seetal.ch\/index.php\/wp-json\/wp\/v2\/pages\/120","targetHints":{"allow":["GET"]}}],"collection":[{"href":"https:\/\/fusspraxis-freiamt-seetal.ch\/index.php\/wp-json\/wp\/v2\/pages"}],"about":[{"href":"https:\/\/fusspraxis-freiamt-seetal.ch\/index.php\/wp-json\/wp\/v2\/types\/page"}],"author":[{"embeddable":true,"href":"https:\/\/fusspraxis-freiamt-seetal.ch\/index.php\/wp-json\/wp\/v2\/users\/1"}],"replies":[{"embeddable":true,"href":"https:\/\/fusspraxis-freiamt-seetal.ch\/index.php\/wp-json\/wp\/v2\/comments?post=120"}],"version-history":[{"count":0,"href":"https:\/\/fusspraxis-freiamt-seetal.ch\/index.php\/wp-json\/wp\/v2\/pages\/120\/revisions"}],"up":[{"embeddable":true,"href":"https:\/\/fusspraxis-freiamt-seetal.ch\/index.php\/wp-json\/wp\/v2\/pages\/130"}],"wp:featuredmedia":[{"embeddable":true,"href":"https:\/\/fusspraxis-freiamt-seetal.ch\/index.php\/wp-json\/wp\/v2\/media\/455"}],"wp:attachment":[{"href":"https:\/\/fusspraxis-freiamt-seetal.ch\/index.php\/wp-json\/wp\/v2\/media?parent=120"}],"curies":[{"name":"wp","href":"https:\/\/api.w.org\/{rel}","templated":true}]}}