{"id":116,"date":"2019-06-16T11:11:38","date_gmt":"2019-06-16T10:11:38","guid":{"rendered":"http:\/\/preflight.fusspraxis-hitzkirch.ch\/?page_id=116"},"modified":"2019-07-02T23:31:09","modified_gmt":"2019-07-02T22:31:09","slug":"verdickter-fussnagel","status":"publish","type":"page","link":"https:\/\/fusspraxis-freiamt-seetal.ch\/index.php\/begriffe\/verdickter-fussnagel\/","title":{"rendered":"Verdickter Nagel"},"content":{"rendered":"\n<h3 class=\"wp-block-heading\">Verdickung der Nagelplatte<\/h3>\n\n\n\n<p>Ein verdickter Nagel kann durch eine Verletzung (Trauma) oder st\u00e4rker anhaltende Druckeinwirkung entstehen. Es setzt eine vermehrte Bildung von Nagelsubstanz ein, die eine Verdickung der Nagelplatte zur Folge haben kann. Aufgrund einer starken Verdickung k\u00f6nnen verdickte N\u00e4gel (auch Holzn\u00e4gel genannt) Probleme verursachen.<\/p>\n\n\n\n<h3 class=\"wp-block-heading\">M\u00f6gliche Ursachen verdickter N\u00e4gel<\/h3>\n\n\n\n<ul class=\"wp-block-list\"><li>Anhaltender Druck auf die Nagelplatte<\/li><li>Nagelwurzel- oder Nagelbettverletzungen<\/li><li>Durchblutungsst\u00f6rungen<\/li><li>Schuppenflechte (Psoriasis)<\/li><li>Alterungsprozess<\/li><li>Nagelpilz<\/li><\/ul>\n\n\n\n<p>Ein verdickter Nagel w\u00e4chst haupts\u00e4chlich in die H\u00f6he, kaum in die L\u00e4nge und wird sehr hart. Die Nagelplatte verf\u00e4rbt sich (von gelblich &#8211; orange bis gr\u00fcnlich), verliert ihre Transparenz, wird spr\u00f6de und mitunter splittrig. Oft&nbsp; werden Pilz- und Holzn\u00e4gel verwechselt bzw. der \u00bb&nbsp;<a href=\"http:\/\/www\">Pilznagel<\/a> nicht erkannt. Nur der Dermatologe kann mit einer Untersuchung feststellen, ob es sich um eine Pilzerkrankung handelt (Laboranalyse).<\/p>\n\n\n\n<p>Die Ursache f\u00fcr verdickte N\u00e4gel kann lange zur\u00fcck liegen. Betroffen sind h\u00e4ufig die grossen Zehen. Bei abnormer Form und Gr\u00f6sse wird der verdickte Nagel als Krallennagel (med. Onychogryposis) bezeichnet.<\/p>\n\n\n\n<p>Der Holznagel ist eine Deformit\u00e4t, die sich nicht mehr normalisieren l\u00e4sst. Der verdickte Fussnagel muss regelm\u00e4ssig behandelt werden, um den Druck auf die Nagelplatte zu mindern und die Oberfl\u00e4che zu gl\u00e4tten. Bei Nichtbehandlung kann der betroffene Zehennagel monstr\u00f6se Ausmasse annehmen.<\/p>\n\n\n\n<p>Ein gesunder Zehennagel ist hautfarben, transparent und seidig gl\u00e4nzend. Die Basis f\u00fcr sch\u00f6ne, gesunde F\u00fcsse und N\u00e4gel ist eine regelm\u00e4\u00dfige \u00bb&nbsp;<a href=\"http:\/\/www\" target=\"_blank\" rel=\"noreferrer noopener\" aria-label=\" (opens in a new tab)\">Fusspflege<\/a>.<\/p>\n","protected":false},"excerpt":{"rendered":"<div class=\"entry-summary\">\nVerdickung der Nagelplatte Ein verdickter Nagel kann durch eine Verletzung (Trauma) oder st\u00e4rker anhaltende Druckeinwirkung entstehen. Es setzt eine vermehrte&hellip;\n<\/div>\n<div class=\"link-more\"><a href=\"https:\/\/fusspraxis-freiamt-seetal.ch\/index.php\/begriffe\/verdickter-fussnagel\/\" class=\"more-link\">Continue reading<span class=\"screen-reader-text\"> &ldquo;Verdickter Nagel&rdquo;<\/span>&hellip;<\/a><\/div>\n","protected":false},"author":1,"featured_media":473,"parent":130,"menu_order":0,"comment_status":"closed","ping_status":"closed","template":"","meta":{"footnotes":""},"class_list":["post-116","page","type-page","status-publish","has-post-thumbnail","hentry","entry"],"_links":{"self":[{"href":"https:\/\/fusspraxis-freiamt-seetal.ch\/index.php\/wp-json\/wp\/v2\/pages\/116","targetHints":{"allow":["GET"]}}],"collection":[{"href":"https:\/\/fusspraxis-freiamt-seetal.ch\/index.php\/wp-json\/wp\/v2\/pages"}],"about":[{"href":"https:\/\/fusspraxis-freiamt-seetal.ch\/index.php\/wp-json\/wp\/v2\/types\/page"}],"author":[{"embeddable":true,"href":"https:\/\/fusspraxis-freiamt-seetal.ch\/index.php\/wp-json\/wp\/v2\/users\/1"}],"replies":[{"embeddable":true,"href":"https:\/\/fusspraxis-freiamt-seetal.ch\/index.php\/wp-json\/wp\/v2\/comments?post=116"}],"version-history":[{"count":0,"href":"https:\/\/fusspraxis-freiamt-seetal.ch\/index.php\/wp-json\/wp\/v2\/pages\/116\/revisions"}],"up":[{"embeddable":true,"href":"https:\/\/fusspraxis-freiamt-seetal.ch\/index.php\/wp-json\/wp\/v2\/pages\/130"}],"wp:featuredmedia":[{"embeddable":true,"href":"https:\/\/fusspraxis-freiamt-seetal.ch\/index.php\/wp-json\/wp\/v2\/media\/473"}],"wp:attachment":[{"href":"https:\/\/fusspraxis-freiamt-seetal.ch\/index.php\/wp-json\/wp\/v2\/media?parent=116"}],"curies":[{"name":"wp","href":"https:\/\/api.w.org\/{rel}","templated":true}]}}